{"id":79,"date":"2017-12-13T12:02:39","date_gmt":"2017-12-13T11:02:39","guid":{"rendered":"http:\/\/brandschutz-friedrich.de\/?page_id=79"},"modified":"2018-01-10T09:09:01","modified_gmt":"2018-01-10T08:09:01","slug":"organisatorischer-brandschutz","status":"publish","type":"page","link":"https:\/\/brandschutz-friedrich.de\/?page_id=79","title":{"rendered":"Organisatorischer Brandschutz"},"content":{"rendered":"<p><img loading=\"lazy\" decoding=\"async\" class=\"wp-image-390 alignleft\" src=\"https:\/\/brandschutz-friedrich.de\/wp-content\/uploads\/2018\/01\/IMG_2902-e1515418912491.jpg\" alt=\"\" width=\"548\" height=\"548\" srcset=\"https:\/\/brandschutz-friedrich.de\/wp-content\/uploads\/2018\/01\/IMG_2902-e1515418912491.jpg 2448w, https:\/\/brandschutz-friedrich.de\/wp-content\/uploads\/2018\/01\/IMG_2902-e1515418912491-150x150.jpg 150w, https:\/\/brandschutz-friedrich.de\/wp-content\/uploads\/2018\/01\/IMG_2902-e1515418912491-300x300.jpg 300w, https:\/\/brandschutz-friedrich.de\/wp-content\/uploads\/2018\/01\/IMG_2902-e1515418912491-768x768.jpg 768w, https:\/\/brandschutz-friedrich.de\/wp-content\/uploads\/2018\/01\/IMG_2902-e1515418912491-2048x2048.jpg 2048w\" sizes=\"(max-width: 548px) 100vw, 548px\" \/><\/p>\n<p>Der organisatorische Brandschutz beschreibt die Ma\u00dfnahmen, die den baulichen und anlagentechnischen Brandschutz erg\u00e4nzen. Zu diesen Ma\u00dfnahmen z\u00e4hlen zum Beispiel die Instandhaltung, Wartung und Nutzung baulicher und anlagentechnischer Einrichtungen im Betrieb, die Kennzeichnung der Flucht- und Rettungswege, sowie die Vorhaltung einer Brandschutzordnung.<\/p>\n<p>&nbsp;<\/p>\n<p>&nbsp;<\/p>\n<p>&nbsp;<\/p>\n<p>&nbsp;<\/p>\n<p>&nbsp;<\/p>\n<p>&nbsp;<\/p>\n<p>&nbsp;<\/p>\n<p>&nbsp;<\/p>\n<p>&nbsp;<\/p>\n<p>&nbsp;<\/p>\n<p>&nbsp;<\/p>\n<p>&nbsp;<\/p>\n<p style=\"text-align: center;\">\n<!-- Buttons X - Start -->\n<style type=\"text\/css\" scoped>\/*399-start*\/\r\n#btnsx-399{margin-top:0px;margin-bottom:0px;margin-left:0px;margin-right:0px;padding-top:10px;padding-bottom:10px;padding-left:40px;padding-right:40px;}\r\n#btnsx-399 .btnsx-text-primary{font-size:30px;line-height:30px;font-weight:lighter;font-family:Tahoma;color:#0069b4;padding-top:0px;padding-bottom:0px;padding-left:0px;padding-right:0px;}\r\n#btnsx-399:hover .btnsx-text-primary{color:#ff0000;}\r\n#btnsx-399{background-color:#e0e0e0!important;}\r\n#btnsx-399:hover{background-color:#f4f4f4!important;}\r\n#btnsx-399{border-top-width:0px;border-bottom-width:0px;border-left-width:0px;border-right-width:0px;border-style:none;border-top-left-radius:25px;border-top-right-radius:25px;border-bottom-left-radius:25px;border-bottom-right-radius:25px;}\r\n#btnsx-399:hover{border-top-width:10px;border-bottom-width:10px;border-left-width:10px;border-right-width:10px;border-style:solid;border-top-left-radius:50px;border-top-right-radius:50px;border-bottom-left-radius:50px;border-bottom-right-radius:50px;}\r\n#btnsx-399{-webkit-box-shadow:0px ;box-shadow:0px ;}\r\n#btnsx-399:hover{-webkit-box-shadow:1px 1px 15px #999999  ;box-shadow:1px 1px 15px #999999  ;}\r\n\/*399-end*\/\r\n<\/style><div id=\"btnsx-399-wrap\" class=\"btnsx-wrap-center\" align=\"center\">\n<a href=\"https:\/\/brandschutz-friedrich.de\/?page_id=21#anfrageformular\" id=\"btnsx-399\" target=\"_blank\" class=\"btnsx-btn\"  data-font-primary=\"Tahoma\">\n\t<span class=\"btnsx-text-primary \">Jetzt online Anfrage stellen<\/span><\/a>\n<\/div>\n<!-- Buttons X - End -->\n<\/p>\n","protected":false},"excerpt":{"rendered":"<div class=\"slide-text-bg2\"><span>Der organisatorische Brandschutz beschreibt die Ma\u00dfnahmen, die den baulichen und anlagentechnischen Brandschutz erg\u00e4nzen. Zu diesen Ma\u00dfnahmen z\u00e4hlen zu<\/span><\/div>\n<div class=\"slide-btn-area-sm\"><a href=\"https:\/\/brandschutz-friedrich.de\/?page_id=79\" class=\"slide-btn-sm\">weiterlesen<\/a><\/div>\n","protected":false},"author":1,"featured_media":0,"parent":26,"menu_order":600,"comment_status":"closed","ping_status":"closed","template":"","meta":{"footnotes":""},"class_list":["post-79","page","type-page","status-publish","hentry"],"_links":{"self":[{"href":"https:\/\/brandschutz-friedrich.de\/index.php?rest_route=\/wp\/v2\/pages\/79"}],"collection":[{"href":"https:\/\/brandschutz-friedrich.de\/index.php?rest_route=\/wp\/v2\/pages"}],"about":[{"href":"https:\/\/brandschutz-friedrich.de\/index.php?rest_route=\/wp\/v2\/types\/page"}],"author":[{"embeddable":true,"href":"https:\/\/brandschutz-friedrich.de\/index.php?rest_route=\/wp\/v2\/users\/1"}],"replies":[{"embeddable":true,"href":"https:\/\/brandschutz-friedrich.de\/index.php?rest_route=%2Fwp%2Fv2%2Fcomments&post=79"}],"version-history":[{"count":9,"href":"https:\/\/brandschutz-friedrich.de\/index.php?rest_route=\/wp\/v2\/pages\/79\/revisions"}],"predecessor-version":[{"id":405,"href":"https:\/\/brandschutz-friedrich.de\/index.php?rest_route=\/wp\/v2\/pages\/79\/revisions\/405"}],"up":[{"embeddable":true,"href":"https:\/\/brandschutz-friedrich.de\/index.php?rest_route=\/wp\/v2\/pages\/26"}],"wp:attachment":[{"href":"https:\/\/brandschutz-friedrich.de\/index.php?rest_route=%2Fwp%2Fv2%2Fmedia&parent=79"}],"curies":[{"name":"wp","href":"https:\/\/api.w.org\/{rel}","templated":true}]}}